{"id":44,"date":"2017-03-22T08:36:20","date_gmt":"2017-03-22T08:36:20","guid":{"rendered":"https:\/\/biyum.agency\/?page_id=44"},"modified":"2023-09-01T16:24:11","modified_gmt":"2023-09-01T16:24:11","slug":"our-services","status":"publish","type":"page","link":"https:\/\/biyum.agency\/index.php\/our-services\/","title":{"rendered":"Our Services"},"content":{"rendered":"<section class=\"wpb-content-wrapper\"><p>[vc_row][vc_column][vc_empty_space height=&#8221;3em&#8221; alter_height=&#8221;none&#8221; hide_on_mobile=&#8221;&#8221;]<div id=\"sc_title_1312613558\"\n\t\tclass=\"sc_title color_style_default sc_title_default\"><h3 class=\"sc_item_title sc_title_title sc_align_center sc_item_title_style_default\">Agencia de Dise\u00f1o \/ Publicidad \/ Audiovisual \/ Pauta Digital<\/h3><\/div><!-- \/.sc_title -->[vc_empty_space height=&#8221;2.2em&#8221; alter_height=&#8221;none&#8221; hide_on_mobile=&#8221;&#8221;]<div id=\"sc_content_1129322204\"\n\t\tclass=\"sc_content color_style_default sc_content_default sc_float_center sc_align_center sc_content_width_80p\"><div class=\"sc_content_container\">[vc_column_text]<\/p>\n<p style=\"text-align: center;\">Ofrecemos un enfoque personalizado y orientado al cliente, colaborando estrechamente contigo para comprender tus objetivos y transmitir tu mensaje de manera efectiva. Nos mantenemos actualizados con las \u00faltimas tendencias y t\u00e9cnicas de dise\u00f1o para garantizar que obtengas resultados modernos y de alta calidad.<\/p>\n<p>[\/vc_column_text]<\/div><\/div><!-- \/.sc_content -->[vc_empty_space height=&#8221;3.3em&#8221; alter_height=&#8221;none&#8221; hide_on_mobile=&#8221;&#8221;]<div class=\"sc_item_button sc_button_wrap sc_align_center\"><a href=\"https:\/\/wa.me\/message\/N3PW46LKUALOK1\" id=\"sc_button_227497616\" class=\"sc_button color_style_default sc_button_default sc_button_size_normal sc_button_icon_left\"><span class=\"sc_button_text\"><span class=\"sc_button_title\">Escr\u00edbenos<\/span><\/span><!-- \/.sc_button_text --><\/a><!-- \/.sc_button --><\/div><!-- \/.sc_item_button -->[vc_empty_space height=&#8221;25&#8243; alter_height=&#8221;none&#8221; hide_on_mobile=&#8221;1&#8243;][\/vc_column][\/vc_row][vc_row full_width=&#8221;stretch_row&#8221; css=&#8221;.vc_custom_1693585016306{margin-right: 50px !important;margin-left: 50px !important;}&#8221;][vc_column][vc_row_inner][vc_column_inner width=&#8221;1\/5&#8243;][vc_empty_space height=&#8221;3 em&#8221; alter_height=&#8221;none&#8221; hide_on_mobile=&#8221;1&#8243;][vc_icon icon_fontawesome=&#8221;fas fa-desktop&#8221; color=&#8221;custom&#8221; background_style=&#8221;rounded-less&#8221; align=&#8221;center&#8221; custom_color=&#8221;#2f3192&#8243;][vc_column_text]<\/p>\n<h4 style=\"text-align: center;\"><strong>SOCIAL MEDIA<\/strong><\/h4>\n<p style=\"text-align: center;\">Potencia tu presencia en l\u00ednea con nuestro servicio de social media profesional: estrategias personalizadas, contenido de calidad y crecimiento org\u00e1nico garantizado.<\/p>\n<p>[\/vc_column_text][vc_empty_space height=&#8221;4em&#8221; alter_height=&#8221;none&#8221; hide_on_mobile=&#8221;1&#8243;][\/vc_column_inner][vc_column_inner width=&#8221;1\/5&#8243;][vc_empty_space height=&#8221;3em&#8221; alter_height=&#8221;none&#8221; hide_on_mobile=&#8221;1&#8243;][vc_icon icon_fontawesome=&#8221;fas fa-video&#8221; color=&#8221;custom&#8221; background_style=&#8221;rounded-less&#8221; align=&#8221;center&#8221; custom_color=&#8221;#2f3192&#8243;][vc_column_text]<\/p>\n<h4 style=\"text-align: center;\"><strong>PRODUCCI\u00d3N <\/strong><strong>DE VIDEO<\/strong><\/h4>\n<p style=\"text-align: center;\">Nos encargamos de cada detalle para crear contenido audiovisual impactante que destaque tu marca, producto o mensaje de manera profesional y cautivadora.<\/p>\n<p>[\/vc_column_text][vc_empty_space height=&#8221;4em&#8221; alter_height=&#8221;none&#8221; hide_on_mobile=&#8221;1&#8243;][\/vc_column_inner][vc_column_inner width=&#8221;1\/5&#8243;][vc_empty_space height=&#8221;3em&#8221; alter_height=&#8221;none&#8221; hide_on_mobile=&#8221;1&#8243;][vc_icon icon_fontawesome=&#8221;icon-camera&#8221; color=&#8221;custom&#8221; background_style=&#8221;rounded-less&#8221; align=&#8221;center&#8221; custom_color=&#8221;#2f3192&#8243;][vc_column_text]<\/p>\n<h4 style=\"text-align: center;\"><strong>FOTOGRAF\u00cdA PUBLICITARIA<\/strong><\/h4>\n<p style=\"text-align: center;\">Capturamos la esencia de tu negocio con im\u00e1genes de alta calidad que transmiten profesionalismo, estilo y atractivo visual. Impulsa tu presencia en el mercado con fotograf\u00edas que cautivan y convierten.<\/p>\n<p>[\/vc_column_text][vc_empty_space height=&#8221;4em&#8221; alter_height=&#8221;none&#8221; hide_on_mobile=&#8221;1&#8243;][\/vc_column_inner][vc_column_inner width=&#8221;1\/5&#8243;][vc_empty_space height=&#8221;3em&#8221; alter_height=&#8221;none&#8221; hide_on_mobile=&#8221;1&#8243;][vc_icon icon_fontawesome=&#8221;fas fa-thumbs-up&#8221; color=&#8221;custom&#8221; background_style=&#8221;rounded-less&#8221; align=&#8221;center&#8221; custom_color=&#8221;#2f3192&#8243;][vc_column_text]<\/p>\n<h4 style=\"text-align: center;\"><strong>MARKETING DIGITAL<\/strong><\/h4>\n<p style=\"text-align: center;\">Potencia tu presencia en l\u00ednea y alcanza nuevos horizontes con nuestro servicio de marketing digital. Aumenta tus ventas, fortalece tu marca y conecta con tu audiencia de manera efectiva a trav\u00e9s de estrategias digitales innovadoras y resultados tangibles.<\/p>\n<p>[\/vc_column_text][vc_empty_space height=&#8221;4em&#8221; alter_height=&#8221;none&#8221; hide_on_mobile=&#8221;1&#8243;][\/vc_column_inner][vc_column_inner width=&#8221;1\/5&#8243;][vc_empty_space height=&#8221;3em&#8221; alter_height=&#8221;none&#8221; hide_on_mobile=&#8221;1&#8243;][vc_icon icon_fontawesome=&#8221;fas fa-pen&#8221; color=&#8221;custom&#8221; background_style=&#8221;rounded-less&#8221; align=&#8221;center&#8221; custom_color=&#8221;#2f3192&#8243;][vc_column_text]<\/p>\n<h4 style=\"text-align: center;\"><strong>BRANDING<\/strong><\/h4>\n<p style=\"text-align: center;\">Desde el dise\u00f1o de logotipos y paletas de colores hasta la definici\u00f3n de mensajes clave, te ayudaremos a destacar entre la competencia y a conectarte de manera aut\u00e9ntica con tu audiencia objetivo.<\/p>\n<p>[\/vc_column_text][vc_empty_space height=&#8221;4em&#8221; alter_height=&#8221;none&#8221; hide_on_mobile=&#8221;1&#8243;][\/vc_column_inner][\/vc_row_inner][\/vc_column][\/vc_row][vc_row full_width=&#8221;stretch_row&#8221; css=&#8221;.vc_custom_1491923237488{background-image: url(https:\/\/biyum.agency\/wp-content\/uploads\/2017\/03\/bg-1-copyright.jpg?id=636) !important;background-position: center !important;background-repeat: no-repeat !important;background-size: cover !important;}&#8221;][vc_column][vc_empty_space height=&#8221;4em&#8221; alter_height=&#8221;none&#8221; hide_on_mobile=&#8221;1&#8243;][vc_empty_space height=&#8221;5.4em&#8221; alter_height=&#8221;none&#8221; hide_on_mobile=&#8221;1&#8243;][vc_empty_space height=&#8221;6em&#8221; alter_height=&#8221;none&#8221; hide_on_mobile=&#8221;&#8221;][vc_row_inner][vc_column_inner width=&#8221;1\/2&#8243;]<div id=\"sc_title_985007511\"\n\t\tclass=\"sc_title color_style_default sc_title_default\"><h3 class=\"sc_item_title sc_title_title sc_align_left sc_item_title_style_default\">Somos una empresa Riobambe\u00f1a<\/h3><div class=\"sc_item_descr sc_title_descr sc_align_left\"><p>Estamos radicados en la ciudad de Riobamba con varios a\u00f1os de experiencia en publicidad y comunicaci\u00f3n audiovisual.<\/p>\n<\/div><\/div><!-- \/.sc_title -->[vc_empty_space height=&#8221;1.2em&#8221; alter_height=&#8221;none&#8221; hide_on_mobile=&#8221;&#8221;]<a href=\"https:\/\/wa.me\/message\/N3PW46LKUALOK1\" id=\"sc_button_2044911759\" class=\"sc_button color_style_default sc_button_default sc_button_size_normal sc_button_icon_left\"><span class=\"sc_button_text\"><span class=\"sc_button_title\">Escr\u00edbenos si tienes una duda<\/span><\/span><!-- \/.sc_button_text --><\/a><!-- \/.sc_button -->[\/vc_column_inner][\/vc_row_inner][vc_empty_space height=&#8221;5.2em&#8221; alter_height=&#8221;none&#8221; hide_on_mobile=&#8221;1&#8243;][\/vc_column][\/vc_row]<\/p>\n<\/section>","protected":false},"excerpt":{"rendered":"<p>[vc_row][vc_column][vc_empty_space height=&#8221;3em&#8221; alter_height=&#8221;none&#8221; hide_on_mobile=&#8221;&#8221;][vc_empty_space height=&#8221;2.2em&#8221; alter_height=&#8221;none&#8221; hide_on_mobile=&#8221;&#8221;][vc_empty_space height=&#8221;3.3em&#8221; alter_height=&#8221;none&#8221; hide_on_mobile=&#8221;&#8221;][vc_empty_space height=&#8221;25&#8243; alter_height=&#8221;none&#8221; hide_on_mobile=&#8221;1&#8243;][\/vc_column][\/vc_row][vc_row full_width=&#8221;stretch_row&#8221; css=&#8221;.vc_custom_1693585016306{margin-right: 50px !important;margin-left: 50px !important;}&#8221;][vc_column][vc_row_inner][vc_column_inner width=&#8221;1\/5&#8243;][vc_empty_space height=&#8221;3 em&#8221; alter_height=&#8221;none&#8221; hide_on_mobile=&#8221;1&#8243;][vc_icon icon_fontawesome=&#8221;fas fa-desktop&#8221; color=&#8221;custom&#8221; background_style=&#8221;rounded-less&#8221; align=&#8221;center&#8221; custom_color=&#8221;#2f3192&#8243;][vc_column_text] SOCIAL MEDIA Potencia tu presencia en l\u00ednea con nuestro servicio de&hellip;<\/p>\n","protected":false},"author":1,"featured_media":1087,"parent":0,"menu_order":0,"comment_status":"closed","ping_status":"closed","template":"","meta":{"_monsterinsights_skip_tracking":false,"_monsterinsights_sitenote_active":false,"_monsterinsights_sitenote_note":"","_monsterinsights_sitenote_category":0,"footnotes":""},"class_list":["post-44","page","type-page","status-publish","has-post-thumbnail","hentry"],"aioseo_notices":[],"acf":[],"_links":{"self":[{"href":"https:\/\/biyum.agency\/index.php\/wp-json\/wp\/v2\/pages\/44","targetHints":{"allow":["GET"]}}],"collection":[{"href":"https:\/\/biyum.agency\/index.php\/wp-json\/wp\/v2\/pages"}],"about":[{"href":"https:\/\/biyum.agency\/index.php\/wp-json\/wp\/v2\/types\/page"}],"author":[{"embeddable":true,"href":"https:\/\/biyum.agency\/index.php\/wp-json\/wp\/v2\/users\/1"}],"replies":[{"embeddable":true,"href":"https:\/\/biyum.agency\/index.php\/wp-json\/wp\/v2\/comments?post=44"}],"version-history":[{"count":12,"href":"https:\/\/biyum.agency\/index.php\/wp-json\/wp\/v2\/pages\/44\/revisions"}],"predecessor-version":[{"id":1599,"href":"https:\/\/biyum.agency\/index.php\/wp-json\/wp\/v2\/pages\/44\/revisions\/1599"}],"wp:featuredmedia":[{"embeddable":true,"href":"https:\/\/biyum.agency\/index.php\/wp-json\/wp\/v2\/media\/1087"}],"wp:attachment":[{"href":"https:\/\/biyum.agency\/index.php\/wp-json\/wp\/v2\/media?parent=44"}],"curies":[{"name":"wp","href":"https:\/\/api.w.org\/{rel}","templated":true}]}}